w - 42. What is i(7)?
3
Let y(v) = -v - 3. Let m be y(-10). Suppose -3*a - 20 = -m*a, a + 25 = 5*t. Let p(o) = o + 3 - o - t - o. What is p(-8)?
5
Suppose -4*x + 5 = 5*i, -2*i = -i + 4*x - 1. Let f(o) = 6*o**2 + o. Let b(g) = -25*g**2 - 4*g. Let q(p) = 2*b(p) + 9*f(p). Give q(i).
5
Let b be 8/((1/2)/1). Let f = -679 + 694. Let v = f - b. Let x(u) = -2*u**2 + 2*u + 1. Give x(v).
-3
Let h(x) = 2*x**2 + 7*x. Let s be h(-4). Let b(y) = -55 - y**2 + 4*y + 0*y**2 + 59. What is b(s)?
4
Suppose -10*t = -205 + 195. Let w(q) be the third derivative of 0 + 1/6*q**3 + q**2 - 1/24*q**4 + 0*q. Calculate w(t).
0
Let m(u) = -2*u - 1. Let v(b) = -15*b + 71. Let k be v(5). Calculate m(k).
7
Let o(v) = -4*v + 4. Let p(b) = -7*b + 7. Let q(d) = -5*o(d) + 3*p(d). Let w be (-5 - 44/(-8))/(1/(-2)). Determine q(w).
2
Let q = 0 + 5. Let a be 5 - (1 + 2) - -3. Let h(j) = j + q*j - 2 - a*j. Calculate h(-2).
-4
Let y(b) = 2*b + 3*b - 3*b + 1. Let t be y(4). Let v(u) = u**2 - 10*u + 6. Determine v(t).
-3
Let u(r) be the first derivative of -r**4/4 - 17*r**3/3 - 17*r**2/2 - 3*r + 695. Calculate u(-16).
13
Let o(s) = -s + 5. Let b = -13 + 11. Let r(q) = 5*q + 4. Let l be r(b). Determine o(l).
11
Let u(o) = o**2 - 1. Suppose -17 = -5*m + 8. What is u(m)?
24
Let y(i) = i**3 - 6*i**2 - 9*i + 6. Suppose 2*o - 5 + 5 = 0. Suppose g + 4*j - 23 = o, 3*g + g = 5*j + 8. Give y(g).
-8
Let s(n) = n**2 + 1. Let a(d) = 3*d**2 + 2*d - 6. Let h = -19 + 33. Let f be -4 + 1 + h/7. Let j(m) = f*a(m) - 5*s(m). Give j(1).
-9
Suppose j + 4 = -0*d - 2*d, 2*d + 4 = 3*j. Suppose j = 5*c + f - 10, -19 = c - 7*f + 3*f. Let n be (-4)/(4/2) - c. Let k(u) = -3*u - 4. Give k(n).
5
Let t(l) = l + 4. Suppose 0 = k - 0 - 3. Let x(n) = k*n**3 + n + 0*n**3 - 9*n**3 - 1. Let d be x(1). What is t(d)?
-2
Let x(r) = r**2 + 5*r - 4. Let p be (0/(4 + -2))/(1 + -2). Suppose 0 = 9*d - p*d + 45. Calculate x(d).
-4
Let w(p) = 6*p**3 - p**2 + 5*p + 1. Let h(i) = i**3 + i. Let o = 78 + -73. Let k(y) = o*h(y) - w(y). Give k(2).
-5
Let k(w) = w + 24. Let s be (1/(1/(-17)))/(4 - 3). Give k(s).
7
Let m(k) = k**2 + 6*k - 6. Let l(s) = 4*s**2 + 23*s - 26. Let d(i) = 2*l(i) - 9*m(i). What is d(-4)?
18
Let p(w) = -w**3 - 8*w**2 - 2*w - 10. Let o be p(-6). Let y = o + 70. Let c(m) = m + 6. What is c(y)?
6
Let a(c) = 2*c - 6*c - c - c + c**2. Suppose 0 = 2*l - 5*u - 79, 4*l - 161 = 2*u - 11. Let q = l - 30. Give a(q).
7
Let s(q) = q**3 - 7*q**2 + 5. Let u be 2/(-11) - (-79)/11. Let g be s(u). Let x(k) = -g*k - 2 + 2*k + 1. What is x(1)?
-4
Let o be (-3)/((-1)/2 + -1). Let f(n) = 4*n**2 + 3*n - 5. Let v = -5 - -2. Let q(r) = r**2 + r - 1. Let l(a) = v*q(a) + f(a). Give l(o).
2
Suppose 0 = -4*s + 5*s + w - 8, 5 = 5*w. Let p(z) = -z**3 + 8*z**2 - 8*z + 1. What is p(s)?
-6
Suppose 0 = -3*p + 5 + 4. Let r be 120/36 - 1/p. Let u(a) = -a**2 + a - 1. What is u(r)?
-7
Let s(x) = x + 6 + x - 25 - x + 10. Calculate s(0).
-9
Let r(y) be the first derivative of y**4/2 + y**3 - 3*y**2/2 + 2*y + 93. Give r(2).
24
Let t(w) = w**2 + 6*w - 4. Suppose 100 - 22 = -13*b. Give t(b).
-4
Let o(v) = -5*v**2 + 5*v**3 - 4 + v**2 - v - 2*v**2 + 2*v**3. Let y(h) = -3*h**3 + 3*h**2 + 2. Let j(r) = 2*o(r) + 5*y(r). Let a = 18 + -15. Give j(a).
-4
Let m be -141*2/(-18)*3. Suppose 46*d = m*d + 2. Let w(f) = 4*f + 2. Calculate w(d).
-6
Let c(a) = -a**2 + 1. Suppose 14 = -t + 12. Determine c(t).
-3
Let i(h) = -8 - 57*h**2 - 60*h**2 + 118*h**2 - 11*h. Determine i(11).
-8
Let l(x) be the first derivative of 0*x**4 - 1/6*x**3 + 1/60*x**5 + 1/60*x**6 - 1/2*x**2 + 6 + 0*x. Let t(o) be the second derivative of l(o). What is t(1)?
2
Let q(d) = -d - 3. Let o be q(-7). Let g(f) = -f**3 - f**2 - f + 1. Let w(c) = -5*c**2 + c. Suppose -20*z = -19*z + 1. Let u(t) = z*w(t) + g(t). What is u(o)?
-7
Let o(q) = -q**2 - 9*q - 2. Let p(m) = -2. Let z(s) = o(s) - 3*p(s). What is z(-8)?
12
Let s(v) = -v**2 + 6*v + 3. Let d be s(6). Let m(n) = -n**3 + 2*n**2 + 2. Calculate m(d).
-7
Suppose -k - 495 = -4*m, 3*k + k - m + 1980 = 0. Let y be ((k/10)/(-11))/(3/(-4)). Let n(q) = q**2 + 4*q - 5. Calculate n(y).
7
Let r(z) be the second derivative of z**3/6 - 7*z**2 + 2*z. Suppose 6*v = -2*v. Determine r(v).
-14
Let f be 2 - (160/(-26) + (-16)/(-104)). Let q(r) = r**3 - 9*r**2 + 10*r - 9. Calculate q(f).
7
Suppose -3*f - 3 = 0, 19 + 10 = 4*c - 5*f. Let l(i) be the second derivative of i**3/3 - 9*i**2/2 - i. Calculate l(c).
3
Let c(b) = -14*b**3 - 20*b**2 + 26*b + 1. Let r(d) = 5*d**3 + 7*d**2 - 9*d. Let x(j) = 4*c(j) + 11*r(j). Let z be 2 + 2 + -1 - 28. Let u = 22 + z. Give x(u).
-11
Suppose -3*z + 2 = -2*z. Let t = z - -2. Let y(w) = 0*w**2 + 5*w + w**3 - 4*w - t*w + 3*w**2. Calculate y(2).
14
Let z(f) = -f**3 - 2*f**2 + 3*f + 2. Let a be (-2 + (-3)/3)/((-1)/2). Let q be (25/(-10) + 2)*a. Determine z(q).
2
Let p(l) = -6*l + 8*l + 8*l**2 - l**3 + l - 10*l. Calculate p(7).
0
Let l(o) be the third derivative of -o**4/24 + o**3/6 - 2*o**2. Suppose 0 = -4*f + u - 12, -6 = -104*f + 106*f + 3*u. Give l(f).
4
Let f(n) be the first derivative of -n**4/4 + 2*n**3 - n**2 + 7*n - 9. Let m(a) = -a**3 - 8*a**2 + 7*a + 61. Let c be m(-8). Determine f(c).
22
Let q(x) = -17*x - 24. Let t(v) = -38*v - 53. Let n(g) = 9*q(g) - 4*t(g). Let u = 1 - 1. What is n(u)?
-4
Let m(p) = -7*p**2 + 1. Let t be (0 - 4) + 155/31. What is m(t)?
-6
Let o(z) = 0 + 3 - 1 - z. Suppose -16*v + 364 = -68*v. Calculate o(v).
9
Let j(g) = -15*g - 1. Suppose -10*x = 10*x + 20. What is j(x)?
14
Let u(n) be the first derivative of -4*n + 5/2*n**2 - 49. Determine u(-4).
-24
Let h be ((-3)/(-6))/(5/10). Let i(a) = 10*a**2. Determine i(h).
10
Let i be (8/4 - 1)*(-124)/(-2). Let v = i - 65. Let j(k) = -k**3 - 2*k**2 + 4*k + 2. What is j(v)?
-1
Let y(i) = -i - 1. Suppose 2*x - 30 = 4*x. Let g = 527 - 523. Let m be 12*g/(x - -3). Calculate y(m).
3
Let z(a) be the first derivative of a**2/2 - 22*a + 3. Give z(0).
-22
Let l(g) = -2*g**2 - 85 - 105 + 195 + g**2. Suppose 4*z - 4*h + 24 = 0, -2*h - 8 = 3*z - 0*h. Give l(z).
-11
Let k(t) = -t**2 + t + 2. Suppose -11*u = -6*u - 10. Suppose -5*o - c = -45, -u*o = -0*c - 4*c - 18. Let q = -6 + o. Give k(q).
-4
Let s(o) = -11*o**2 + o. Suppose t - 3 = 2. Suppose 10 = 3*i - 2*x, 3*x + t = 2*i - 0. Let v = i - 3. Calculate s(v).
-10
Suppose 9*q - 9 = 9. Let c(x) = -9*x - 2*x**2 + 73 + x - 81 + x**q. Suppose b + 5 + 2 = 0. Determine c(b).
-1
Let f be ((-54)/(-81))/(4/(-30)). Let n(r) = 3*r + 1. Determine n(f).
-14
Suppose 2*d = 4*j - 4, 4*d = -5*j + 3*d + 19. Let u(o) = -o**2 - 5*o**2 - 2 - 9*o + j*o + o**3 + 7*o. Let p = -9 - -15. Calculate u(p).
4
Let h(j) = -27*j + 10 - 14 + 23*j - j**2. Let c = 2 - 0. Suppose 5*a - 4*q + 40 = 0, -c*q + 0*q - 2 = 3*a. Give h(a).
-4
Let z(v) = v + 4. Let i = 337 + -339. What is z(i)?
2
Let o(q) = -1 + 4 - 6*q**2 - 2*q + q**3 + 2*q**2. Suppose 38 = 3*c + 4*r, 0 = 3*c + r - 27 - 14. Let y = 18 - c. Determine o(y).
-5
Let v(m) = m**2 + 14*m + 17. Let c be v(-13). Let z(k) = 4*k - 3*k + 3 + 4*k - 5. Let w(u) = -10*u + 5. Let s(i) = 4*w(i) + 7*z(i). Calculate s(c).
-14
Let g be (12 + -12)*(1 + 0). Suppose 6 = -6*u - g. Let a(k) = -5*k**2 - 2*k - 1. Calculate a(u).
-4
Let w(r) = 2*r - 1. Suppose 8*n + 17 = -5*p, 0 = 3*n + 5*p - 8*p - 18. Give w(n).
1
Let q(v) = v**3 + 15*v**2 + 13*v - 5. Let w be 15*6/27*(-378)/90. Give q(w).
9
Suppose -5*x + 39 - 6 = 2*v, 2*v = 4*x - 12. Let g(c) = -6*c**2 + 2 + 8*c + 5 - 8*c**2 + v*c**2 + c**3. Give g(9).
-2
Let c(w) = 8*w**2 + 9*w - 33. Let p(m) = -17*m**2 - 20*m + 73. Let a(l) = 9*c(l) + 4*p(l). What is a(2)?
13
Suppose 12 = -4*x, -2*q + 57*x + 8 = 55*x. Let k(g) = 0*g + 4*g**2 + 1 - 5*g + 4*g. Give k(q).
4
Let q(a) be the third derivative of 12*a**2 + 0 + 0*a - 1/24*a**4 + 1/2*a**3. What is q(4)?
-1
Let z(a) = -7*a - 5. Let w be z(-1). Let o(p) be the second derivative of p**3/2 - p**2/2 - p. Let h(y) = 4*y - 2. Let i(n) = w*h(n) - 3*o(n). Determine i(-6).
5
Let r(z) = -5*z**2 - 3*z - 8. Let a(n) = 27*n**2 + 14*n + 40. Let q(d) = 2*a(d) + 11*r(d). Let j = -11 + 5. Calculate q(j).
-14
Let t = -237 + 237. Let b(i) = i**3 + i - 4. Calculate b(t).
-4
Let u(g) = -5 - 5*g + 4 + 3*g - 11. Let j be -1 + 1*(-9 + 2). Let y be u(j). Let z(b) = -4*b + 5. Give z(y).
-11
Let i be (-364)/(-16) - (-2)/8. Suppose -3*z + i = 8. Suppose -z*q = -q. Let 